- -27474. List the prime factors of g.
2, 5, 29
Suppose -343630 = -24*h + 298202. What are the prime factors of h?
47, 569
Suppose 60*q + r + 7868 = 61*q, q - 4*r = 7859. What are the prime factors of q?
17, 463
Let u(n) = 3*n**2 - 9*n - 7. Let k(m) = m**2 + m. Let f(a) = 2*k(a) - u(a). Let c be f(11). Suppose 96 = c*p - 226. What are the prime factors of p?
2, 23
Let h(k) be the first derivative of -16/3*k**3 + 14 - 9*k**2 - 7*k - 1/4*k**4. List the prime factors of h(-15).
2, 19
Let k(m) = -59*m - 10. Let h(w) = w**3 - 6*w**2 + 6*w - 11. Let p be h(5). What are the prime factors of k(p)?
2, 43
Let n(i) = -i**3 + 13*i**2 + 14*i - 6. Let s be n(14). Let m be 2*2 + (56 + s - 3). Let f = 94 - m. What are the prime factors of f?
43
What are the prime factors of 312/(-72)*-2988 - (-1)/(1/3)?
3, 1439
Suppose 5 - 21 = -4*v. Suppose -v*s + 578 = 146. Let h = 253 - s. List the prime factors of h.
5, 29
What are the prime factors of ((-18608)/(-10) - 0)/(262/4585)?
2, 7, 1163
Let a = 85 - 94. Let n be (5 + (a - -2))*(-2 - 0). Let m(b) = 4*b**3 - b**2 - 7*b + 11. List the prime factors of m(n).
223
Let t(v) = 2*v**3 - 38*v**2 + v - 9. Let r be t(19). Suppose -u - r = -6*u. Suppose -2*j + u*l + 62 = 0, 4*l = -3*j + l + 63. What are the prime factors of j?
2, 13
Let l(d) = 840*d + 61. Suppose -n - 5*h = -3*h - 9, 0 = -3*n - 5*h + 23. List the prime factors of l(n).
17, 53
Suppose 0 = 8*q - 4*q + 144. Let c be (-2)/6*q/6. What are the prime factors of (-11)/(c + 22/(-10))?
5, 11
Suppose -2*p + 3*u + 4 = 0, 5*p = u + u + 10. Suppose 0 = 5*d - 3*w - 288, 0*w + 3*w + 117 = p*d. Suppose d - 131 = -2*i. List the prime factors of i.
37
Let k(v) = v**3 + 8*v**2 - 10*v - 29. Let m be k(-4). Suppose 4*o - 55 = -u, -2*u + o + m = 2*o. List the prime factors of u.
5, 7
Let q be (-1)/(-3)*(-72)/8 + 303. Let v = q - 228. What are the prime factors of v?
2, 3
Let f(k) = 2928*k**2 - 37*k + 101. List the prime factors of f(4).
17, 2753
Suppose -2*s + 3*c + 21 = 0, -2*s - 4*c + 6*c + 18 = 0. Let v be (0 + 38/s)*3. Suppose 0 = -8*j + v + 229. List the prime factors of j.
31
Let u(x) be the third derivative of 0*x + 0*x**4 + 7*x**2 - 1/120*x**6 + 0 - 3/20*x**5 + 23/6*x**3. What are the prime factors of u(-10)?
3, 41
Let t(h) = -h**2 + 11*h - 17. Let z = -41 - -37. Let n(o) = -o - 1. Let c(y) = z*n(y) - t(y). List the prime factors of c(-10).
191
Let t = -2789 + 16632. List the prime factors of t.
109, 127
Suppose d - 224134 = -3*k, 30*k - 3*d - 298854 = 26*k. What are the prime factors of k?
2, 3, 11, 283
Suppose 5*f = -4*b - 0*f + 175, f - 89 = -2*b. Suppose 1828 = 5*x - 3*g, 5*x = 47*g - b*g + 1827. List the prime factors of x.
5, 73
Suppose 4*w = 4 - 68. Let p = 199 - w. Let m = p - 81. List the prime factors of m.
2, 67
Let z(y) = 113*y + 1536. List the prime factors of z(62).
2, 4271
Let g(u) = 3*u**2 - 10*u + 23. Let b be g(10). Suppose b + 245 = -3*n. Let c = n + 266. What are the prime factors of c?
2, 5, 11
Let z(s) be the third derivative of 2/3*s**4 + 0 + 0*s - 13*s**2 - 9*s**3. What are the prime factors of z(12)?
2, 3, 23
Let j(d) = d**3 + 18*d**2 + 26*d + 16. Let p be j(-16). Let h = p - -36. List the prime factors of h.
2, 37
What are the prime factors of (-1)/(15/(-30306))*(-70)/(-28)?
5051
Let b = -66 - -66. Let d be 4/(-20)*b + 520. Let a = d + -347. What are the prime factors of a?
173
Suppose -6 - 30 = -2*w. Let f be (2/(-3))/(w/27). List the prime factors of f/(75/(-70) + 1).
2, 7
Let j be (18/(-9))/(4/2850). Let f = j + 2986. List the prime factors of f.
7, 223
Let d be (16/20)/((-2)/(-5)). Suppose -d*b - 405 = -5*b. Suppose -2*g - g = -b. What are the prime factors of g?
3, 5
Let p be 20 + -10 + 1 + 3/(-3). Let f(c) = 48*c - 9. What are the prime factors of f(p)?
3, 157
Let b(k) = k**3 + 5*k**2 + 10*k + 5. Let j be b(-4). Let r(z) = -4*z - 38. Let g be r(j). Suppose -24 - g = -a. What are the prime factors of a?
2, 31
Suppose 0 = -11*b - 2 + 541. Suppose 42*u + 5852 = b*u. What are the prime factors of u?
2, 11, 19
List the prime factors of (-396)/((-176)/4)*(-1 + (-4442)/(-6)).
2, 3, 1109
Let n = -27 - -40. Suppose 0 = -3*a + 3*m + 30, 6*a - 4*m = 9*a - 16. Suppose -n*u = -a*u - 80. What are the prime factors of u?
2
Suppose -74*i + 3555 = -563686 - 4335. What are the prime factors of i?
2, 1931
Suppose -4*m - 26 - 58 = 0. Let y be m*(2 + (-7)/3). Suppose i - y = 2. List the prime factors of i.
3
List the prime factors of (-7418)/(-5) - (-2 - (-26)/10).
1483
Let i be 20*(-27 - -22)*(-1)/2. Let q(w) = 2*w**3 + 4*w**2 + 2*w - 2. Let m be q(-3). Let c = i + m. What are the prime factors of c?
2, 3
Let c = 190394 + -98516. List the prime factors of c.
2, 3, 15313
Let u(m) = -3*m + 4. Let v be u(-7). Let z = 89 - v. Suppose -k + z = -16. What are the prime factors of k?
2, 5
Let z be (9*4)/(-4) - 5. Let m be (-16)/(-56) - (-144)/z. List the prime factors of (5/m)/((-3)/222) + 4.
41
Suppose -2*t - 4*p = -888, 2*t + 3*t - 5*p = 2250. Suppose -63 = a - t. Suppose 0 = v + 5, 2*u - a = -2*u + v. What are the prime factors of u?
5, 19
Let c be (-259)/(-28) + (-6)/(-8). Suppose -938 = -c*a + 3172. List the prime factors of a.
3, 137
Let y(x) = 4*x**3 + 16*x**2 - 4*x - 137. Let q(v) = 5*v**3 + 16*v**2 - 5*v - 136. Let n(u) = -3*q(u) + 4*y(u). What are the prime factors of n(-11)?
2, 7, 17
List the prime factors of -2 + (-79536)/(-21) + 312/546.
2, 3, 631
Suppose -8*v + 11*v - 15 = 0. Suppose v*h + 5*g = 1820, 5*h = 5*g + 1175 + 655. Let s = -208 + h. List the prime factors of s.
157
Let z(q) = 5*q**2 + 46*q + 413. List the prime factors of z(-54).
7, 1787
Suppose -3*q + 7 = -2. Let u = -3670 + 3674. Suppose 3*o - q*g = -g + 460, -u*g = -5*o + 764. List the prime factors of o.
2, 3, 13
Suppose -11*f + 14*f = 0. Suppose 4*g = -f*s - 3*s + 64, 0 = -3*s + g + 59. Suppose 0 = -4*o + 84 - s. What are the prime factors of o?
2
Suppose -3*n + 7 = -r - 6, -8 = -4*r. Suppose -4*l + n*l = 2. Suppose 4*s + 87 = b, 101 = b + l*s + 32. List the prime factors of b.
3, 5
Suppose 26 = f - 18. Suppose a + 150 = 5*z, -2*z = -3*z + 2*a + 21. Let h = f - z. What are the prime factors of h?
13
Suppose 2*g = -3*a + 5*g - 33, -57 = 5*a - 3*g. Let p(f) = -18*f - f**2 + 1 - 29 + 4*f + 14. List the prime factors of p(a).
2, 5
Let k = 47 - 44. Suppose -k = -3*f + x, -5*f + x = -x - 4. What are the prime factors of ((-78)/24 - -3)/(f/(-872))?
109
Suppose 4 = 7*h - 5*h, -m - 2*h = -187. List the prime factors of m.
3, 61
Suppose -8*v - 989 = -7*v + 2*f, -3956 = 4*v + 3*f. Let i = v + 1804. What are the prime factors of i?
5, 163
Let h(w) = 4*w**3 + w**2 + 3*w + 221. Let r(n) = -7*n**3 - 2*n**2 - 5*n - 443. Let p(d) = -5*h(d) - 3*r(d). What are the prime factors of p(0)?
2, 7
Suppose -c = -3*z - 17523, 3*c - 3*z = 38544 + 14001. List the prime factors of c.
3, 13, 449
Let z = -1371 - -1432. Suppose -3*b - 1 = -3*h - 31, 19 = b - 4*h. Suppose 0 = -2*o + 5*s + z, -b*o - 26 = -8*o - 2*s. What are the prime factors of o?
2, 7
What are the prime factors of 27884/(-36)*-2 - 2/18?
1549
Let n be (-12)/(-30) + (-18026)/(-10). Suppose n = -14*g + 16573. List the prime factors of g.
5, 211
Suppose -5*l + 68544 = 3*a, -16*a = -17*a + 5*l + 22788. What are the prime factors of a?
3, 43, 59
Suppose 148*i - 12912 - 1162504 = 0. List the prime factors of i.
2, 11, 19
Suppose -152*c + 3150496 = -2590848. What are the prime factors of c?
2, 7, 19, 71
Let q = -199 + 207. List the prime factors of (-6)/q + 1689/12.
2, 5, 7
Let j(w) be the first derivative of -9*w**2 + 31*w - 43. Let x = 2 - 9. What are the prime factors of j(x)?
157
List the prime factors of 3/(-2)*234396/(-34) - -8.
79, 131
Suppose 2*z = 2*q + 7*z - 384, 2*z = 17*q - 2997. Suppose 0 = -a - 4*u + 15, 0 = -3*a + 2*u + 31. Suppose -a = -j + q. List the prime factors of j.
2, 47
Suppose 0 = 6*b - 36*b + 900. List the prime factors of ((-488)/6)/((140/b)/(-7)).
2, 61
Suppose 115*c - 107*c = 40. What are the prime factors of (20/4 - c) + -2 + 894?
2, 223
What are the prime factors of 59 + 63561 - (1 - 16)?
5, 11, 13, 89
Let n(r) = r**3 - 19*r**2 + 20*r + 9. Suppose 0*x - 108 = -6*x. List the prime factors of n(x).
3, 5
Suppose 10 = q - 11*q. What are the prime factors of (1*q/3)/(2/(-1068))?
2, 89
Let q = 1621 + -2774. Let z = 1619 + q. What are t